**3 + 15*j**2 - j + 7. Calculate the remainder when 109 is divided by x(f).
21
Suppose -a + 0*a = q - 8, -q + 4*a + 18 = 0. Suppose -3*l + 8 + 1 = 0. Suppose -8*z = l*z - 627. Calculate the remainder when z is divided by q.
7
What is the remainder when 185 is divided by (-16)/10*(5 - 15)?
9
Let z(n) = -n + 1. Let u be z(-2). Suppose -s - 9 = -5*i + u*i, 0 = -3*i + 4*s + 21. Calculate the remainder when (i - -1) + (0 - -31) is divided by 9.
8
Let r be ((-3)/9*-7 - 1)*-3. Let t(x) = -x**2 - 10*x - 14. Calculate the remainder when 37 is divided by t(r).
7
Suppose 0*s + 900 = 5*s. Suppose c - 72 = -2*i, 5*i - c - 4*c - s = 0. What is the remainder when 179 is divided by i?
35
Suppose -5 + 2 = -p. Suppose 4 + 17 = p*t. Let m = -24 - -41. What is the remainder when m is divided by t?
3
Let v(d) = -d**2 - 9*d + 15. Let t be v(-9). Calculate the remainder when 373 is divided by (141/t)/(2/10).
44
What is the remainder when 23 is divided by (-3 + 1)*(5 + -16 + 5)?
11
Let i = 656 - 635. Calculate the remainder when 78 is divided by i.
15
Suppose -5*v - 629 + 654 = 0. What is the remainder when 128 is divided by v?
3
Let h(f) = 4*f**3 + 25*f**2 + 10*f - 11. Let n(u) = u**3 - u. Let t(r) = -h(r) + 2*n(r). What is the remainder when 21 is divided by t(-12)?
10
Let x(u) = 2*u**2 + 9*u - 192. Calculate the remainder when x(15) is divided by 18.
15
Let n(l) = -l**3 - l**2 + 3*l - 38. What is the remainder when n(-7) is divided by 16?
11
Suppose -3*d - 63 = -10*d. What is the remainder when 1403 is divided by d?
8
Suppose -3*k + 102 = p - 3*p, -3*k = -3*p - 105. What is the remainder when 223 is divided by k?
31
Let z(v) = -12320 + 12325 + 2*v**2 - v**2 + v. Let h = 5 - 9. Calculate the remainder when 117 is divided by z(h).
15
Let h(o) be the third derivative of o**6/120 - o**5/30 + o**4/24 - 5*o**3/6 - 15*o**2. Calculate the remainder when 32 is divided by h(3).
4
Let w(j) = j**3 + 11*j**2 - 25*j + 41. Suppose -s + 30 = -3*d, 0 = 3*s - d - 28 - 46. Suppose h = -8 + s. What is the remainder when w(-13) is divided by h?
12
Calculate the remainder when 162 is divided by -1 - 13/((-104)/120).
8
Suppose 10 = 6*n - n. Suppose -2*o - r - n = -3*r, 0 = -2*o + r + 2. Calculate the remainder when o is divided by 9/(-21) - (-336)/98.
0
Suppose -n - 692 = -2*p, 2 = -70*n + 69*n. Calculate the remainder when p is divided by 36.
21
Suppose 5*q + 93 = 3*t - 30, 4*t = -q - 20. Let r be (-3 - 1)*(-66)/q. What is the remainder when (-4)/(-22) - 163/r is divided by 6?
3
Suppose 105*w - 104*w = 9. Suppose -3*f = x - 161, 96 - 37 = f + 3*x. Calculate the remainder when f is divided by w.
8
Suppose -5*g = -6*g + 2. Suppose -3*v + f + 31 = -41, -5*v + g*f + 121 = 0. Calculate the remainder when 90 is divided by v.
21
Let y(n) = 9 + 0*n + 0 - 2*n. Let j be y(9). Let i = 13 + j. Calculate the remainder when 5 is divided by i.
1
Suppose 7*f - f = 66. Suppose f = 4*a + 5*c - 120, -181 = -4*a + 5*c. What is the remainder when a is divided by 5?
4
Let g be (-33)/2 - (-1)/2. Let y = g + 27. Let b = 2300 - 2279. What is the remainder when b is divided by y?
10
Let t = -371 - -374. What is the remainder when 15 is divided by t?
0
Let v = -580 + 595. Calculate the remainder when 84 is divided by v.
9
Suppose -10*t = -8*t + 4*o - 134, 4*o = 16. Calculate the remainder when (-4)/8*(1 - t) is divided by 10.
9
Let m = -65 + 110. Let d = 57 - m. Calculate the remainder when 21 is divided by d.
9
Suppose 5*x - 9 - 20 = -2*l, -5*l = -3*x - 57. What is the remainder when 42 is divided by l?
6
Calculate the remainder when 1624 is divided by (2 + 373)*(-79)/(-237).
124
Suppose 41 = j - 0*j. Suppose 15 = 2*p + 2*k - 7, 4*p = -5*k + j. Calculate the remainder when 23 is divided by p.
9
Calculate the remainder when 1800/48 - 1/2 is divided by 14.
9
Suppose 736 = 2*r + 8*n - 12*n, 0 = r - n - 370. What is the remainder when r is divided by 15?
12
Suppose q = 5*q. Let g be (-675)/(-5) - (q - -2). Suppose -4*a - 49 = -g. Calculate the remainder when a is divided by 11.
10
Let r = -266 - -298. What is the remainder when 94 is divided by r?
30
Suppose -2*n = 11 - 43. Let j(v) = -32*v - 866. What is the remainder when j(-29) is divided by n?
14
Suppose -2*m + 5*m = 15. Suppose z - 2*o = 9, m*z - 5 = -o + 3*o. What is the remainder when (z - 28)/(4 - 5) is divided by 11?
7
Suppose -1 = -i, -4*t - 3*i + 7*i + 344 = 0. Suppose -15*f + 14*f = -t. Calculate the remainder when f is divided by 22.
21
Let y = 169 - 283. Let j = 160 + y. Suppose 3*u - 118 = -46. What is the remainder when j is divided by u?
22
Suppose 0 = -4*u + 3*u + 5. Calculate the remainder when 243/u + 27/(-45) is divided by 10.
8
Suppose 19 = -4*z - 2*q + 85, 0 = -5*z + 4*q + 115. Calculate the remainder when 607 is divided by z.
18
Let o = 7 + 56. Let z(u) = u**3 - u**2 - u. Let i(v) = -4*v**3 - 2*v**2 + 16*v + 9. Let t(p) = i(p) + 3*z(p). What is the remainder when o is divided by t(-7)?
15
Let b be 4/20 + (-1)/5. Let i(j) = j**3 + 7*j**2 + j + 93. What is the remainder when i(0) is divided by b + (1 - -14) + 1?
13
Suppose 0*n - 1425 = -5*n. Suppose 0*p = 5*p - n. Suppose -5*h + 149 = -k, 3*h - 5*k + 3*k = 88. Calculate the remainder when p is divided by h.
27
Let c(a) = a**3 + 6*a**2 + 5*a + 3. Suppose 19*z + 304 = 1140. Calculate the remainder when z is divided by c(-4).
14
Let f(m) = -21*m - 44. What is the remainder when f(-14) is divided by 12?
10
Suppose s = 4*m - 4572, -3*m + s + 4*s + 3446 = 0. Calculate the remainder when m is divided by 143.
141
Suppose x = 3*y + 10, -2*y + 25 = 2*x - 3*y. Suppose 4*j + 22 = 8*j + 5*g, 0 = g + 2. What is the remainder when x is divided by j?
5
Suppose -5*z + 2552 = 1912. What is the remainder when 510 is divided by z?
126
Let u be ((-24)/10)/(32/(-80)). Suppose 2*f = -0*f + 32. What is the remainder when 4/((-8)/(-94)) - (u + -3) is divided by f?
12
What is the remainder when 436 + 91 + -1*5*1 is divided by 135?
117
Let w be 6*(3 - 14/6). Suppose w*d - 90 = -d. What is the remainder when d is divided by 5?
3
Let y(f) = f**2 - 4*f + 4. Suppose -c - 2*c + 282 = -2*d, 0 = -5*c - 5*d + 470. Calculate the remainder when c is divided by y(-5).
45
Suppose 23*k - 741 = 10*k. What is the remainder when k is divided by 22?
13
Suppose 2*g - 6*v = -v - 32, -g = 3*v + 16. Let q = g + 47. Suppose -2*w + 3*w = -c + q, -3*c + 97 = -w. Calculate the remainder when c is divided by 12.
8
Let m = 50 + -27. Let y(j) = j**2 + 2*j. Let q be y(3). Suppose -v = -2*a - q, 11 = v - a - 3. What is the remainder when m is divided by v?
10
Let y(j) = -3*j**2 - 21*j - 27. Let l(o) = o**2 + 10*o + 14. Let q(f) = -5*l(f) - 2*y(f). Let t = 43 - -7. Calculate the remainder when t is divided by q(11).
16
Let h = 243 + -217. Calculate the remainder when 37 is divided by h.
11
Let n(l) = -7*l + 231. What is the remainder when -1 + 74 + (-12)/(-3) is divided by n(29)?
21
Suppose 0*r = -6*r - 168. Let q be 303/12 + 7/r. What is the remainder when 56 is divided by 480/q + 2/(-10)?
18
Let z = 192 + -166. What is the remainder when (76/6)/((-2)/(-12)) is divided by z?
24
Suppose 4*o + v = 92, -5*o + v + 102 = -v. What is the remainder when 107 is divided by o?
19
Suppose 2*b - 16 = b. Suppose -2*h + 37 + 31 = 0. Suppose -h + 132 = 3*q - 4*z, 66 = 2*q - 3*z. What is the remainder when q is divided by b?
14
Let o(l) = l**2 - 9*l + 8. Let u be o(9). Suppose u*i - 5*i = 9. Suppose -i*g - 8 = -2*x - 2*x, -3*g = 3*x - 27. What is the remainder when 8 is divided by x?
3
Calculate the remainder when (-58617)/(-153) - 8/68 is divided by 80.
63
Let h(u) = 2*u**2 - 13*u - 133. Calculate the remainder when 217 is divided by h(-8).
19
Let i be -27 + (-6)/(-5 + (6 - 3)). Suppose 4*t - 191 + 57 = -2*p, 3*p + 3*t = 192. Calculate the remainder when p is divided by i*(6/2 + (-22)/6).
13
Calculate the remainder when 340 is divided by (-1)/(5*(-11)/1265).
18
Suppose -3*z = 2*z - 95. Calculate the remainder when z is divided by 207/18 - (9/(-6))/(-3).
8
Suppose 9067 = 10*o + 37. Calculate the remainder when o is divided by 113.
112
Let t = 605 - 566. Calculate the remainder when 199 is divided by t.
4
Suppose 5*v + f - 269 = -0*f, 0 = 2*f - 8. Calculate the remainder when v is divided by 9.
8
Suppose 4*c - 2*y = 18, -3*c = 2*c - y - 30. Suppose 679 - 237 = 